5?
4
Suppose 80 + 12 = 4*v + f, 0 = 3*v + 3*f - 69. Let l be (-28)/(-5) - 38/(-95). Let a = v - l. What is the remainder when 33 is divided by a?
16
Suppose 4*z = 5*z - 34. Let p = 20 + -8. Calculate the remainder when z is divided by p.
10
Suppose -4*i = -351 - 33. Calculate the remainder when i is divided by 50.
46
Let r be (-1)/2 - 138/(-12). Suppose 41 = 2*q + r. What is the remainder when 44 is divided by q?
14
Suppose 14 = 3*q - 16. Calculate the remainder when q is divided by 3.
1
Suppose -5*i = u - 50, 66 = 3*u + 5*i - 74. What is the remainder when u is divided by 8?
5
Let j be (64/20)/((-4)/(-10)). Suppose -2*q = -5*n - 21, 5*q - 3*n - 32 = -j. Suppose -x - 36 = -q*x. What is the remainder when x is divided by 10?
8
Suppose 0 = 4*w - 2*w - 8. Let t = 6 - w. Calculate the remainder when 5 is divided by t.
1
Suppose 6*l = 4*l + 2*i, -2*i + 8 = 0. Suppose -4*g - 119 = -5*s, 49 = -2*s + l*s - 3*g. Calculate the remainder when s is divided by 8.
7
Suppose m + 14 = d + 4*d, 0 = -2*d + 2*m + 12. Suppose 235 = -d*i + 7*i. Calculate the remainder when i is divided by 16.
15
Suppose -3*t + 2*v + 9 = 0, -4*v = 3*t - 2 + 11. Calculate the remainder when 8 is divided by (t/(-2))/(3/(-30)).
3
Let v be 1 - (2*6)/(-2). What is the remainder when 33 is divided by (36/14)/(v/49)?
15
Calculate the remainder when (0/(-1) - 4) + 77 is divided by 37.
36
Let j(d) = -4*d - 3. Let i(a) = -7*a - 6. Let n(s) = 3*i(s) - 5*j(s). What is the remainder when 3 is divided by n(-5)?
1
Let a = 25 - -20. Calculate the remainder when a is divided by 16.
13
Let u(l) = l**2 - 3*l. Let w be u(4). What is the remainder when 102/(w/(2 + 0)) is divided by 18?
15
Let z be (4 + -3)/(1/32). Suppose -z = -3*s + 40. What is the remainder when 46 is divided by s?
22
Suppose 0 = 5*x + 4*o - 172, -2*x - o + 33 = -34. Calculate the remainder when x is divided by 7.
4
Let n = 1 - -24. Calculate the remainder when 74 is divided by n.
24
Suppose -4*k + 5*k = 2. Suppose v + k = 4. Suppose -c - 3*c + 14 = 3*s, s = -3*c - v. Calculate the remainder when 29 is divided by s.
9
Suppose -h - 4*i + 16 = 0, -h + 9*i = 4*i - 34. Suppose 5*f - h = -4. Suppose 2*b + 66 = f*a - 0*b, 5 = -b. Calculate the remainder when 40 is divided by a.
12
Suppose 2*h - 4*n - 46 = 0, 2*h + n = -0*h + 51. What is the remainder when 97 is divided by h?
22
Let n be (-32)/(-12)*(-18)/4. Let i = 21 + n. What is the remainder when i is divided by 3?
0
Let x = -17 - -25. Suppose 0 = -3*i + j + 62, 3*j + 76 = -0*i + 4*i. Calculate the remainder when i is divided by x.
6
Let h be 16/(-6)*9/2. Let g be (h/(-10))/((-14)/(-35)). Suppose g*c + 18 = 3*t, 3*t + 3*c + 0*c = 30. What is the remainder when 14 is divided by t?
6
Let h = 24 - 28. What is the remainder when 87 is divided by 3/(h/(-96)*4)?
15
Let x = 73 + -56. Let j(v) = 4*v**3 - v**2 + 3*v - 1. Calculate the remainder when j(2) is divided by x.
16
Let u = -9 - -54. Calculate the remainder when u is divided by (-19 - (2 + 2))/(-1).
22
Let f(y) = 4*y - 26. Calculate the remainder when 128 is divided by f(13).
24
Suppose -l + 0 = -5. What is the remainder when 7 is divided by l?
2
Let i(z) = z**3 - 3*z**2 + 2*z + 2. Let g be i(2). Suppose 3*f = 5*b + 59 + 17, b = g*f - 39. What is the remainder when f is divided by 9?
8
Suppose -2*y + 64 = -5*c, 2*y - 2*c - 43 - 9 = 0. Calculate the remainder when 64 is divided by y.
20
Suppose 2*q + 3 = -2*a + 23, 3*q = 2*a. Let h(z) = 4*z - 1. Calculate the remainder when h(a) is divided by 8.
7
Let y(o) = -2*o + o**3 + 2 - 2*o**2 + 1 - 2*o. Let l be y(3). Suppose f = -l*f + 26. Calculate the remainder when f is divided by 14.
12
Let w be (-4)/(-3) + 8/12. Suppose 22 + 0 = w*x. Calculate the remainder when x is divided by 4.
3
Suppose -22 = -5*g - 4*n, g + 10*n - 5*n - 17 = 0. Suppose -5*s - 28 = g. What is the remainder when (2/(s/51))/(-1) is divided by 9?
8
Suppose 14 = s - y, s = 5*y + 6 + 4. Calculate the remainder when 74 is divided by s.
14
Suppose 0 = -0*z - 2*z. Suppose -131 = -3*x - 4*o, -3*x + z*o + 117 = -3*o. What is the remainder when x is divided by ((-33)/(-6))/(2/4)?
8
Let k = 8 + -6. Let c be (-1)/(1/(-86)*k). Let q = -10 + c. What is the remainder when q is divided by 17?
16
Let u(w) = -w. Let z be u(-3). Let n be 2/(-4)*2*z. Let i(q) = -5*q - 2. What is the remainder when 25 is divided by i(n)?
12
Let l be ((-2)/(-5))/(-1)*5. Let u(c) be the third derivative of -5*c**4/12 + c**2. Calculate the remainder when u(l) is divided by 7.
6
Suppose 26 - 28 = -h. What is the remainder when h is divided by 1?
0
Suppose -2*v = 2*k + 3*v - 13, -4*v - 8 = -3*k. Suppose -49 - 299 = -k*m. What is the remainder when m is divided by 30?
27
Suppose 3*j - 9 = 9. Let l = j - 2. Let o = l - -10. What is the remainder when 27 is divided by o?
13
Suppose -16 = -2*y + 5*f, 2 = -y + 3*f + 11. Suppose 0 = 2*m + y*m - 35. Let u(k) = k**2 - k + 2. What is the remainder when m is divided by u(2)?
3
Let b be 7/((-140)/(-8))*-10. Let y = -2 - b. Calculate the remainder when 2 is divided by y.
0
What is the remainder when ((-670)/40)/((-2)/(-48)*-2) is divided by 34?
31
Let s(j) = 3*j**2 + j - 16. Calculate the remainder when s(-5) is divided by 19.
16
Let n = -28 + 41. What is the remainder when 24 is divided by n?
11
Let g = -479 - -497. Let s = 3 - -48. What is the remainder when s is divided by g?
15
Suppose 5*f = f + 48. Calculate the remainder when 7 is divided by 9/(-1)*(-4)/f.
1
Let q(p) = p**3 + 6*p**2 + 2*p + 2. Calculate the remainder when 65 is divided by q(-5).
14
Suppose -d = -2*d + 11. What is the remainder when d is divided by 4 - (-1 + 0 + 1)?
3
Let x be (4 - (0 - 2))/(-1). Let l = 18 + x. What is the remainder when ((-8)/14)/(20/(-770)) is divided by l?
10
Suppose -3*f + 8 + 106 = 0. Calculate the remainder when f is divided by (-36)/162 + 256/18.
10
What is the remainder when (-3286)/(-279) - (-2)/9 is divided by 2?
0
Let t(c) = 21*c**2 - 3*c - 2. What is the remainder when 85 is divided by t(-1)?
19
What is the remainder when ((-122)/8 - -3)*-12 is divided by 50?
47
Let r(m) = m**2 + 7*m + 6. Let l be r(-8). Suppose -4*u + l = -10. Calculate the remainder when (-32)/(-3) + (-4)/6 is divided by u.
4
Let a be ((-2)/4)/(1/8). Let v = a + 7. Calculate the remainder when 4 is divided by v.
1
Let k(z) = z**3 - 10*z**2 - 10*z - 4. Let d be k(11). Let o = d - 2. Suppose -5*f = -19 - 26. What is the remainder when f is divided by o?
4
Suppose 3*r - 3*h - 4 - 20 = 0, -4*r + 32 = 4*h. Calculate the remainder when 23 is divided by r.
7
Suppose 0 = -2*v - 2 - 0. Let t(z) = -6*z**3 - 1. Calculate the remainder when 12 is divided by t(v).
2
Let i(p) = 10*p + 1. Let x be i(-4). Let c = 64 + x. What is the remainder when c is divided by (1 + -2 - -14) + 0?
12
Suppose 2*g - 199 = -4*z + z, 2*g + 146 = 2*z. Calculate the remainder when (-1 + -2 - -6) + z is divided by 25.
22
Let p(x) = x**2 - x + 33. What is the remainder when 63 is divided by p(0)?
30
Let z(h) = -h - 2. Let p be z(-2). Let g(c) = 8 + 2 - c + 3. Calculate the remainder when 25 is divided by g(p).
12
Let w be 1 + (2 - 2) - -2. Suppose 13 - 1 = w*h. Let d = -10 - -21. Calculate the remainder when d is divided by h.
3
Suppose 854 = -7*m + 945. Let r(v) = v**3 + v + 51. Suppose -s - 2*s = 5*u + 9, -4*u = 5*s + 15. What is the remainder when r(u) is divided by m?
12
Suppose -6*s + s = -u - 18, 4*u - 2*s = 0. Suppose n + 3*x + 60 = 4*n, -u*x + 11 = n. Calculate the remainder when 66 is divided by n.
15
Let l(z) = z**3 - 5*z**2 + 2*z. Let r be l(4). Let i be 2/r + 63/28. Suppose -6*p + 2*p = i*h - 12, 2*h - 4 = 4*p. What is the remainder when 5 is divided by h?
1
Let n(i) = -19*i + 6. Calculate the remainder when n(-8) is divided by 32.
30
Let j(l) = 2*l**3 - 3*l**2 + 3*l - 3. Let y be j(2). Let w(h) = h + 9. Let f be w(y). Suppose f = 7*c - 3*c. Calculate the remainder when 6 is divided by c.
2
What is the remainder when 34 is divided by 7*((-3)/1 + 4)?
6
Let a = 0 - -3. Suppose -3*x + 17 = a*u - 4*x, -15 = 3*x. What is the remainder when 14 is divided by u?
2
Let p = -6 + 6. Calculate the remainder when 37 is divided by p - (6/(-3) + -17).
18
Suppose 3 = 2*n - n. Suppose 10 = n*j - 23. Calculate the remainder when 31 is divided by j.
9
Suppose -q + 3*c = -11, -22 = -3*q - c - c. Wh